). Let o = -9 + 11. Calculate s(o).
10
Let u be (0 + 0)/(5 + -2). Let i(j) be the third derivative of 0*j**4 + 1/60*j**5 + 0 + u*j + 1/3*j**3 + 4*j**2. Calculate i(-2).
6
Suppose -3*y + 0*y - 4*x = 5, -2*x = -3*y + 7. Let n be y/1*(-4)/(-2). Let r(j) = n + 5*j**2 - 3 + 5 - 3 + 2*j. Give r(-1).
4
Let h(n) be the third derivative of -n**8/20160 + n**7/1680 + n**6/180 - n**5/60 - 3*n**2. Let u(p) be the third derivative of h(p). What is u(3)?
4
Let r(q) = -q**2 + 3*q - 1. Let h be r(2). Suppose y = 1 + h. Let f(a) = -a**3 + a. Determine f(y).
-6
Suppose -6*k - 15 = -9*k. Let x be (1 - 4)*k/3. Let q(i) = -i**3 - 5*i**2 + 2*i + 3. What is q(x)?
-7
Let g(v) be the second derivative of -2*v**4/3 + v**2/2 + 3*v. Suppose 2 = 2*q - 4. Suppose k + n - 2 = 0, -4*k + q*n + 4 - 3 = 0. Determine g(k).
-7
Suppose 7*x = 4*x + 6. Let i(m) = -2 + 0*m**2 - m + 2*m**2 + 3. What is i(x)?
7
Let l(f) = -f**2 - 6*f + 41. Let o be l(-10). Let t(g) = -4*g - 1. Calculate t(o).
-5
Let y(v) = 3*v - 6*v + 0*v + 2*v**2. Let u(g) = g**2 - 1. Let l = -5 - -3. Let h be u(l). What is y(h)?
9
Let n(g) be the third derivative of -g**6/120 - g**5/60 + g**4/8 + g**3/6 - 11*g**2. What is n(-2)?
-1
Let g(b) = b**3 + 4*b**2 + 4*b + 4. Let d = -9 - -5. Let z be (-1)/(d/6)*-2. Calculate g(z).
1
Let h(b) be the first derivative of -2*b**5/5 - b**4/6 - b**3/6 + 3*b + 3. Let g(l) be the first derivative of h(l). Calculate g(-1).
7
Let f(y) be the first derivative of y**3/3 + 3*y**2 - 7*y - 43. What is f(-9)?
20
Suppose 2*i + 5*a - 21 = 0, 4*i - 15 = i - 2*a. Let d(o) = -o**3 - 18*o + 2*o**2 - 2*o**2 + 19*o + i. Give d(0).
3
Let k = 10 - 8. Let g(n) be the third derivative of n**6/120 - n**5/15 + n**4/6 - n**3/2 - 3*n**2. What is g(k)?
-3
Let q(u) = -36*u**2 - 10*u - 7. Let k(o) = 18*o**2 + 6*o + 4. Let i(n) = -5*k(n) - 3*q(n). Determine i(-1).
19
Let l(y) be the second derivative of y**4/12 + y**3/3 - 3*y**2/2 + y + 2. Let u = 4 - 2. Determine l(u).
5
Let q(z) = -3*z - 3*z + 4*z + 9 - 3*z. Give q(6).
-21
Let j(y) = -y**3 - y**2 + y + 1. Let m(x) = -4*x**3 - 6*x**2 + 4*x - 2. Let p(g) = 3*j(g) - m(g). Determine p(-4).
-7
Let l(b) be the first derivative of b**2/2 + b - 4. Give l(2).
3
Suppose 0*j + 25 = -5*j. Let g be (j - -1)*(-11)/(-44). Let r(f) = -4*f**3 + f. Determine r(g).
3
Let p(g) be the second derivative of 0 - 4*g + 1/3*g**3 - 1/12*g**4 + 5/2*g**2. Determine p(4).
-3
Let i be ((-3)/(-2))/(10/20). Suppose 4*y + 3*b = 15, 3*y - i = 4*y + 3*b. Let v(z) = z**3 - 5*z**2 - 6*z - 5. Calculate v(y).
-5
Let h be (-9)/2*56/42. Let g(m) = -m**2 - 8*m - 8. Determine g(h).
4
Suppose 2 = -3*n - 4. Let m = n - -4. Let c(a) = -2 + 11 - a**m - 1. What is c(0)?
8
Suppose -2 = -s - 0*s. Let c(z) = 2*z + 8 - s*z + z**2 + 7*z. Calculate c(-6).
2
Suppose 0 = -5*t - w + 11, 2*w + 19 = t - 2*w. Suppose 4*m = -t*d + 13, -3*m + 5 = d - 6. Let u(i) = -m + 5 - i**2 - 3*i**2. Calculate u(1).
-3
Let q(h) = h**3 - 4*h + 4*h**2 + 8*h - 5*h + 2*h - 1. Suppose k + 3*i + 15 = 4*k, 2*k - 6 = -2*i. Suppose z = -0*z - k. What is q(z)?
-5
Let f(b) be the second derivative of -b**4/12 - b**3/3 - 2*b**2 + b. Give f(-3).
-7
Suppose i - 30 = 3*i. Let y be 6/4*(-20)/i. Let g(z) = -2*z**2 - 3*z**3 + 4*z**3 - z**y + 3. Determine g(3).
3
Let g(o) be the third derivative of o**2 + 0 + 0*o + 1/8*o**4 + 0*o**5 + 0*o**3 + 1/180*o**6. Let l(q) be the second derivative of g(q). Calculate l(-1).
-4
Suppose -4*q + p - 5*p + 40 = 0, -2*p + 32 = 4*q. Let h(a) = -q*a - 6 + 0*a + 3*a + 8. Calculate h(-3).
11
Let z(j) = 2*j**3 - 3*j**2 + 2*j. Suppose 0 = p + 4*t + 2, 3*t + t = 5*p - 14. Determine z(p).
8
Let u(o) = -o - o - 3*o + 6*o. Let g(f) = -f**2 + 5*f + 1. Let m(c) = g(c) - 4*u(c). Determine m(-2).
-5
Suppose -5*g + 3 = -7. Let f(h) = 8*h + 2. What is f(g)?
18
Suppose w + 3*r = 6*w + 4, 2*w - 4*r = 4. Let z(l) = 2*l + 9. Let x(u) = u + 4. Let b(p) = w*z(p) + 5*x(p). Calculate b(-5).
-3
Let q be (-5)/((-60)/8)*-12. Let t(w) = -w**3 - 7*w**2 + 10*w + 11. What is t(q)?
-5
Suppose 6 = 3*h - 6. Suppose 0 = -2*a + 4*i - 4, 4*i = -0 - h. Let u(q) = -q**2 - 4*q - 3. Give u(a).
-3
Let c be (-30)/(-4) + -4 + -3. Let x(q) be the first derivative of -q - 4 - c*q**2. Calculate x(1).
-2
Let q(j) = -2*j - 2. Let i(f) = -1. Let x(l) = 3*i(l) - q(l). Let d be (2 - (-16)/(-10))*10. Give x(d).
7
Suppose -4*h = -2*l + 6, 0*h + l = 3*h + 4. Let d be (1 - -1) + h + 0. Let j(x) be the second derivative of x**3/3 + x**2/2 + 6*x. Give j(d).
3
Let i = 15 + -12. Let l(v) = -2*v + 3. What is l(i)?
-3
Let q = 575 - 572. Let y(d) = -2*d + 3. Suppose 3*b + 0*b - 12 = 0. Let f(r) = -3*r + 4. Let j(z) = b*y(z) - 3*f(z). Give j(q).
3
Let x(d) = -d**2 + 6*d - 2. Let n be (-2)/(-6) - 64/12. Let k be 2/n - (-81)/15. Give x(k).
3
Let u(z) = z**3 - z + 6. Let j(a) = -a - 4. Let c be 10/35 - (-60)/(-14). Let h = c + 0. Let b be j(h). Calculate u(b).
6
Let a(q) = -1 + 5*q - 3*q - q - 2*q. Let j(u) = 2*u**2 - u - 1. Let b(r) = 5*a(r) - 5*j(r). Determine b(1).
-10
Let v(i) = 2*i + 11. Let f(p) be the second derivative of -p**2/2 + 2*p. Let q(t) = -4*f(t) - v(t). Determine q(-6).
5
Suppose 5*w - 2 + 7 = 0. Let f = w + 7. Let u(b) = b**3 - 5*b**2 - 8*b + 2. Give u(f).
-10
Let a = 23 + -22. Let t(g) = -6*g**3 + 5*g**2 - 7*g + 12. Let u(h) = -h**3 - h + 1. Let x(z) = a*t(z) - 5*u(z). What is x(5)?
-3
Let m be 2/2*2*1. Suppose -5 = 3*w + 2*b, 6*b = -m*w + 2*b + 2. Let g(s) = 2*s + 4. Calculate g(w).
-2
Suppose x - 11 = -4*c, -5*x = 4*c - 6 - 1. Let b be ((-8)/10)/((-2)/15). Let p(o) = 1 - 2*o + b*o**2 + 2*o - o**2 + o. Determine p(x).
5
Let z(b) = -7*b**3 + 5*b**2 - 5*b + 3. Let v(y) = y**3 - y**2 + y - 1. Let g(u) = -6*v(u) - z(u). Give g(0).
3
Suppose 0 = -4*f + 3 + 5. Let p(d) = -2*d - d + f*d - 4*d. Suppose 21 = 2*l - 5*j, -18 = -l + 4*j - 0*j. Determine p(l).
10
Let w(h) = h**2 - h - 3. Let p = -35 + 38. Give w(p).
3
Let h(i) = i**2 - 5*i + 4. Let f be (62/(-4))/(2/(-4)). Suppose -x - 2*c = 0, 5*x - c - f + 9 = 0. Calculate h(x).
0
Suppose 0 = -4*p - 4. Let a(i) = -2*i + 1. Calculate a(p).
3
Let v(l) = 5*l**3 + 12*l**2 - 9*l + 6. Let q(n) = -11 + 12*n + 2*n - 8*n**3 - 23*n**2 - n**3 + 3*n. Let k(i) = 6*q(i) + 11*v(i). Give k(5).
-10
Let h(m) = -5*m + 4. Let i(y) = -14*y + 11. Let r(a) = -8*h(a) + 3*i(a). Calculate r(-2).
5
Let z(w) = -3*w. Let t(g) = g**2 - 9*g + 11. Let h be t(7). Let k be (6/h + 0)*-2. Give z(k).
-12
Let s(n) = -n**3 - 4*n**2 + 3*n + 2. Suppose -4 = 5*i - 3*i. Let w = i + 2. Suppose w = o - 0 + 4. Calculate s(o).
-10
Let j(m) = -5*m - 13*m**2 + 5 + 8*m**2 + 3*m**2. What is j(-5)?
-20
Let i(p) be the third derivative of p**7/5040 - p**6/360 + p**5/20 - p**2. Let v(n) be the third derivative of i(n). Let g = -19 + 22. Give v(g).
1
Let k be 0/((-6)/4*(-8)/12). Let m(f) = 3*f + 0*f - 4*f. What is m(k)?
0
Let r(q) be the third derivative of q**6/120 + q**5/10 - q**4/3 - 5*q**3/3 + 20*q**2. Determine r(-7).
-3
Let k = 11 + -6. Let v(r) = -r + 3 - 3 + 2*r + k. Let c = -3 + -1. Calculate v(c).
1
Let q(y) = -13*y. Let a(n) = -n**3 + 2*n**2 + 2*n - 3. Let k be a(2). Calculate q(k).
-13
Let n(z) be the first derivative of -z**3/3 - 3*z**2 - 2*z + 15. Calculate n(-7).
-9
Suppose -9 = -s + 4*s. Let l = 2 - -1. Let p(o) = 3 + 2*o - 2*o**2 - 3*o**l - 6 - 1 + 2*o**3. Determine p(s).
-1
Let x(y) = y**2 + 2*y - 2. Let u(g) = -g**2 - 8*g - 4. Let q(d) = -d**3 + d**2 - 8. Let f be q(0). Let n be u(f). Determine x(n).
6
Suppose 0*l - 12 = -4*l. Let y(c) = -2*c**3 + 1 - 2*c**2 - 2 + 3*c**l - c. Calculate y(2).
-3
Let i(j) = -3*j + 4. Suppose -y - 2*o = -0*o + 4, -2*o - 12 = 3*y. What is i(y)?
16
Suppose 3*j - j - 10 = 0. Let x(l) = -l + 4*l + 3*l - 3. Let h(p) = -p + 1. Let y(m) = j*h(m) + x(m). Calculate y(5).
7
Let l(i) = -5*i**3 + i**2 - 5*i + 3. Let k(j) be the second derivative of -j**5/5 + j**4/6 - 5*j**3/6 + j**2 - 3*j. Let x(p) = -4*k(p) + 3*l(p). Calculate x(4).
5
Let t(w) = -3*w**2 + w - 1. Let a = 50 + -27. Suppose -2*y + a = 7. Suppose -2*f - 4*c = 6, f + y*c = 5*c - 5. What is t(f)?
-3
Let o = 9 - 3. Let p(q) be the first derivative of -q**2 + 8*q - 82. What is p(o)?
-4
Suppose 8 = -5*k + 6*k. Suppose 2 = 2*h, -4*j + k = h + 19. Let i(d) = d**3 + 3*d**2 + 2. Determine i(j).
2
Let t(k) = k**2 - 8*k + 4. Suppose 0*a - 2*a + 23 = 3*b, 4*b - 2*a = 26. Calculate t(b